Let w be m(-3). Calculate the highest common factor of w and 1205.
241
Let r be -6*(-3)/9*71. Suppose 38 = 6*p - r. Suppose -h = 3*h - 1200. Calculate the highest common factor of h and p.
30
Suppose 5*m - 31 = 169. Let v(r) = r**3 - 5*r**2 - 13*r - 7. Let g be v(7). Suppose -10 + g = -u. What is the greatest common factor of m and u?
10
Suppose -144*y + 140*y = 2*m - 104, 4*y = -m + 50. Calculate the greatest common factor of 2025 and m.
27
Suppose 2*q = -104 + 1154. Let d(x) = -4045*x + 52795. Let o be d(13). What is the greatest common divisor of q and o?
105
Suppose -10*w = -5*w - 1345. Suppose -w*u = -268*u - 5. What is the highest common factor of u and 6?
1
Let r(j) = -28*j**2 + 13*j - 3. Let p be r(5). Let s = -635 - p. Calculate the greatest common factor of s and 39.
3
Suppose -104 = -0*x - 8*x. Suppose -597 = x*k - 2963. Calculate the highest common factor of k and 14.
14
Let b(g) = -g**3 - 7*g**2 - 7*g - 1. Let q be b(-7). Let x = -42272 - -42536. Calculate the greatest common factor of x and q.
24
Let b be 1375 - 35*42/98. What is the highest common divisor of 1840 and b?
80
Let z(w) = 4*w**2 - 25*w + 73. Let v(o) = o**2 - 8*o + 25. Let f(k) = 7*v(k) - 2*z(k). Let x be f(3). What is the highest common factor of 40 and x?
2
Let r = -420 - -424. Suppose l - 871 = 3*z, -6*l + 4*l + r*z + 1748 = 0. Calculate the highest common factor of l and 55.
55
Suppose -29*p - 18 = -2*g - 31*p, 0 = -3*p. Let a be 210 + -3 - (g + -6). What is the highest common divisor of a and 24?
12
Suppose 686*k = 666*k + 3660. Calculate the greatest common divisor of 5307 and k.
183
Suppose -28*h + 93093 = 49*h. What is the highest common divisor of h and 62?
31
Suppose -379*s = -16072 - 41915. Suppose 0 = -d - 4*i + 49 - 18, 0 = d + 5*i - 32. Calculate the greatest common factor of d and s.
9
Let l = 25396 - 20194. Calculate the highest common divisor of l and 54.
18
Let k be (-29975)/5*(-14)/70 - 3. Calculate the greatest common factor of 12 and k.
4
Let b(g) = 2*g**2 + 58*g + 91. Let o be b(-28). Let i = -1 + 5. Suppose -2*p + 18 = -h, i*h + 9 = -7. What is the highest common factor of p and o?
7
Let b = -38 - -97. Suppose -19056 = -64*q + 11152. What is the highest common factor of b and q?
59
Suppose 0 = -67*f + 21*f + 3963 + 85. Calculate the greatest common divisor of 7436 and f.
44
Let c(s) = s**2 - 14*s - 578. Let t be c(0). Let z = 588 + t. Suppose 20 = -2*b + 4*b. Calculate the highest common factor of b and z.
10
Suppose 10*d - i + 330 = 9*d, 5*d + 5*i = -1700. Let v = d + 511. What is the greatest common divisor of 11 and v?
11
Suppose 4*d = -52 + 48. Let i be (-25777)/(-447) - (2/(-3))/d. What is the highest common factor of i and 19?
19
Suppose -2*y + 200505 = -36*u + 41*u, -3*u + 3*y = -120324. What is the highest common divisor of u and 238?
119
Let z be (-360)/27*(-3 - (-2 + 2)). Suppose q = -2*j + 241 - 15, 5*q = 2*j + 1094. Calculate the greatest common divisor of q and z.
20
Suppose -4*f = -2*m - 1555 + 1547, 3*f = 3*m. What is the greatest common factor of m and 5636?
4
Suppose 3*s - 2*i + i = -9, 3*i + 6 = -2*s. Let l be 13 + ((-8)/16)/(s/(-6)). Calculate the highest common factor of 15 and l.
3
Let a(g) = 2*g - 10. Let b be a(8). Suppose 2*l = d - 14 + b, 0 = 2*l - 4*d - 4. Let i be (5*2)/((-8)/72*l). Calculate the greatest common factor of 1 and i.
1
Suppose 11*r - 15*r = -4. Suppose 3*p + p = z + 433, -z = r. Calculate the highest common divisor of 36 and p.
36
Suppose 4*l = -2*k + 308, -2*l - 531 = -3*k - 37. Suppose 5 = 5*i + 5*h, -150*h + 5 = 2*i - 149*h. Calculate the greatest common divisor of k and i.
2
Suppose 2*n + n - 62 = -h, -2*n + 5*h + 64 = 0. Suppose -2*o = 4*m - 740, 27*m + 758 = 2*o + n*m. Calculate the highest common divisor of 11 and o.
11
Let j = 10504 - 6181. Calculate the greatest common divisor of 33 and j.
33
Let f be 2/((-13)/(-78)*(-1)/(-16)). Let y = 53 - 29. Calculate the highest common factor of f and y.
24
Suppose -d + 14 = 5*s, -3*d + 1 = s - 13. Suppose d*f - 560 = 140. Let x = -268 + 338. What is the greatest common divisor of x and f?
35
Suppose 8*w - 6352 = -6264. What is the greatest common factor of 2893 and w?
11
Let p(b) = -9*b + 65 + 28*b + 23*b + 89. Let l be p(-3). Let s be 2/(-3) + (-254)/(-3). Calculate the highest common factor of l and s.
28
Suppose 0 = -5*b - 7*y + 4468, 2*y - 7 + 19 = 0. Calculate the highest common factor of b and 1066.
82
Let c(q) = -2*q**2 - 14*q + 1. Let v be c(-7). Suppose 11*k - 10*k = v. Let t be -5*k/(-3)*(-63)/(-15). Calculate the highest common factor of 7 and t.
7
Suppose -667 + 159 = -30*f + 1172. Suppose 0 = -a + x, -a + 0*a = -4*x. Let r = f + a. What is the highest common divisor of r and 28?
28
Suppose 23*m + 229992 = 321*m - 39400. What is the greatest common factor of 368 and m?
8
Let u be 90 - (2/2 + (-954)/106). Let j(s) = -15*s + 10. Let y be j(-4). What is the highest common divisor of y and u?
14
Let b(w) = -3*w**3 - 57*w**2 - 23*w - 52. Let x be b(-19). Calculate the highest common divisor of x and 660.
55
Suppose 8*i = 47655 - 1175. Calculate the greatest common divisor of 280 and i.
70
Let t(q) = -3*q - 31. Let f be t(-5). Let r = f - -59. Calculate the highest common divisor of r and 172.
43
Let b(t) = -t**2 + 13*t + 60. Let w be b(10). What is the highest common factor of 930 and w?
30
Suppose 4*z = -20, 684*x - 686*x = -5*z - 31. Calculate the greatest common factor of 346 and x.
1
Suppose 33*c + 25710 = 26700. Let n be 2/5 - 806/(-10). Suppose 21 = -m + n. What is the highest common factor of m and c?
30
Let s(u) = 6*u - 7. Let x be s(4). Let t(l) = l**3 - 18*l**2 + 16*l + 20. Let p be t(x). Let g = -8 - -35. Calculate the greatest common divisor of g and p.
3
Suppose 0 = -4*f + s + s + 294, f - 3*s - 71 = 0. Let o = 85 - f. Suppose -b = b - 22. What is the highest common factor of b and o?
11
Let i = -3 - 7. Let g(t) = 2*t**2 + 2*t + 24. Let y be g(i). Suppose -5*r - 159 = -2*f, -4*r + 0*r + y = 3*f. What is the highest common factor of 18 and f?
18
Let c(o) = 214*o + 2198. Let h be c(18). Calculate the highest common divisor of 75 and h.
25
Let b = -9562 + 26387. What is the greatest common divisor of 25 and b?
25
Suppose -4*w - 1268 = -3*u, u + 31*w = 27*w + 396. Calculate the greatest common factor of 117 and u.
13
Let u = 4 - 3. Let a be (-8)/20 + 5126/(-10). Let k = a - -520. What is the highest common factor of k and u?
1
Let t(g) = -11*g + 42. Let h be t(0). Suppose 139 + h = 2*v - i, 0 = 4*v + 3*i - 337. What is the greatest common divisor of v and 143?
11
Let z(k) = -k**2 + 19*k + 40. Let y be z(19). Let b be 2*1 + (-10)/(-10). Suppose -b*m = -7*m + 240. What is the highest common factor of m and y?
20
Let r(q) = 481*q - 6322. Let w be r(17). Calculate the highest common factor of w and 245.
35
Let m be (4*-1)/(1 + -2). Suppose -4*x + 3*x = m*x. Suppose z - 14 + x = 0. Calculate the greatest common factor of z and 112.
14
Suppose 2*n + 4*n = -1110. Let h = n - 25. Let q = -39 - h. Calculate the greatest common divisor of 19 and q.
19
Let t be 47/2*(-6)/(-3). Let c = 24516 + -24328. What is the highest common divisor of t and c?
47
Suppose 2*a - 7*a = -255. Let g = -45 + a. Suppose g*r + 0*r - 396 = 0. What is the greatest common factor of 6 and r?
6
Suppose 0 = -4*p - 5*k + 56, 9*k - 24 = -4*p + 12*k. Let o(i) = i**2 + 6*i + 14. Let u be o(-3). What is the greatest common divisor of u and p?
1
Suppose -4*t + 12 = 0, -113*t - 150 = -s - 117*t. What is the highest common divisor of s and 69?
69
Let z = -78 + 79. Let n(m) = 3*m**2 - 4*m + 3. Let v be n(z). Let s be 4233/27 + 5 - v/(-9). What is the greatest common factor of s and 18?
18
Let g be -3 + 410 + 4/26 + (-111)/(-39). What is the greatest common factor of 2214 and g?
82
Suppose 0*z + l + 76 = 4*z, z + l = 19. Suppose 5*w - 12 - 23 = 0. Suppose -w*d + 6*d = -76. What is the greatest common divisor of d and z?
19
Suppose 0 = -4*d + 5*x + 20, 3*x - 20 = -2*d - 10. Suppose -5*t = -d*u - 50, -2*u = 2*t + 6 - 34. Calculate the greatest common factor of t and 48.
12
Let g(q) = -q**3 + 5*q**2 - q - 4. Let j be g(4). Suppose 371 = -j*x + x. Let o = 71 + x. What is the highest common factor of 30 and o?
6
Let x(d) = -d**2 - 9*d - 10. Let h be x(-8). Let n(c) = -165*c. Let s be n(h)